1 + -4))*8. What is the tens digit of p(t)?
1
Let s = 8 - 6. Suppose -y + 4 = -s*n, 3*n - 2*n = 3*y + 3. What is the units digit of 0/(y/(-1)) - -2?
2
Suppose 2*f - 2 = 4. Let w = -2 - f. Let u = 10 + w. What is the units digit of u?
5
Let u(r) = -1. Suppose 3 = -5*w - 2. Let n(l) = l - 8. Let y(b) = w*n(b) + 5*u(b). What is the units digit of y(-3)?
6
Let z(v) = v + 6. Let t be z(-6). Suppose 3 = a - t. What is the units digit of a?
3
Let g = -9 + 6. Let i = 7 + g. Suppose -i*h = h - 5. What is the units digit of h?
1
Let f = -3 - -4. Let j be (1 + 17)*(2 - f). Let a = j + -7. What is the tens digit of a?
1
Let l(q) = -q**3 - q**2 + 1. Let k be l(-1). Let a be 2/(k/(-1 - -12)). Suppose 0 = -2*f + a - 6. What is the units digit of f?
8
Let n be (-8)/20 - (-2)/5. Suppose 2*d - 23 = o, n = d + 3*d + 3*o - 61. Let t = d - 8. What is the units digit of t?
5
Suppose 10*v - 8*v = 76. What is the tens digit of v?
3
Let a be (-4)/2 + -2 + 3. What is the units digit of a*5/((-15)/6)?
2
Let r = -56 + 119. What is the units digit of r?
3
Let n(g) = 4*g + 23. What is the tens digit of n(15)?
8
Let w be (12/(-5))/((-2)/10). Let t(f) = -f**3 + 4. Let j be t(0). Suppose 4*g = -5*s + j*s + w, g + 2*s = 10. What is the units digit of g?
2
Let d = -8 + 13. Suppose 5*z + 4*b - 135 = 0, 0 = 5*z + d*b - 21 - 119. What is the tens digit of z?
2
Let f(k) be the first derivative of 0*k**2 + k**3 - 2 + k + 1/4*k**4. What is the units digit of f(-2)?
5
Suppose -25 = -k + 5*g, 0*g - 20 = -k + 4*g. Suppose 3*f + 28 - 88 = k. What is the units digit of f?
0
Let a(d) be the first derivative of -d**4/4 - 5*d**3/3 + 7*d**2/2 + 9*d + 3. What is the units digit of a(-6)?
3
Let n(v) = 4*v**2 - 14*v + 3. Let o(r) = -7*r**2 + 27*r - 7. Let y(p) = 5*n(p) + 3*o(p). What is the tens digit of y(9)?
1
Let t(p) = p**2 + 4*p - 1. Let k be t(-6). Let b = -8 + k. Suppose -14 - 16 = -b*a. What is the units digit of a?
0
Let r be (-3)/(-4) + (-9)/12. Suppose 4*d = -d - 5*z, 1 = 2*d + z. Suppose r = -4*j - d + 9. What is the units digit of j?
2
Suppose 12 = k - 4. What is the tens digit of k?
1
Suppose -4*w + z + 4 = 0, -4*z = -w - 8 - 6. Suppose w*t - 50 = -0. What is the units digit of t?
5
Suppose 2 = v + 1. Let c(r) = -3*r**2 + 1. Let u be c(v). What is the units digit of (-12)/(-3) + 4/u?
2
Let z(u) = -u - 3. Let d be z(-5). Let c be (-6)/(9/3) - -2. Suppose d*v - v - 6 = c. What is the units digit of v?
6
Suppose -h - 4*n + 2*n = 10, 5*h + 4*n + 20 = 0. Suppose h = 5*r + 7 - 32. Suppose -g + r = 1. What is the units digit of g?
4
Let l(h) be the first derivative of -1/2*h**4 - h**2 - h - h**3 + 3. What is the units digit of l(-2)?
7
Suppose 26 = -0*y + 2*y. Suppose -y = 2*h - 69. What is the tens digit of h?
2
Let s = -9 + 23. Suppose s = -4*l + 46. What is the units digit of l?
8
Suppose -v + 5*d - 8 = 3, 3*v = -d - 17. Let m(n) = -2*n - 8. What is the units digit of m(v)?
4
Suppose -6 = n + 4. Let t be ((-9)/2)/((-2)/(-8)). Let d = n - t. What is the units digit of d?
8
Let w(b) = b**3 - b**2 + 8*b - 5. Let o(n) = -n - 5*n**2 + 5*n**2 - n**2. Let p(y) = -4*o(y) - w(y). What is the units digit of p(4)?
5
Suppose -48 = -2*q - 4*l + 40, -3*l = q - 48. What is the tens digit of q?
3
Suppose -192 = -5*f + 98. What is the tens digit of f?
5
Suppose -23*a = -18*a - 365. What is the units digit of a?
3
Suppose r = 4*r - 105. Suppose -232 = -5*i - 4*w, i + 0*w - 3*w = r. What is the tens digit of i?
4
Suppose -5*y = y - 204. Suppose 0*s = m - 3*s - 6, -5*s + y = 2*m. What is the tens digit of m?
1
Let d be (-88)/6*(-9)/3. What is the tens digit of 5/2*d/10?
1
Let r be 33 + 6/9*3. Let l = r - 16. Let v = l + -2. What is the tens digit of v?
1
Let m(h) = -6*h + 1. What is the units digit of m(-3)?
9
Let q be (-136)/14 + (-2)/7. Let p = q - -15. What is the tens digit of 112/p - (-14)/(-35)?
2
Suppose -5*t + 19 = -26. Let l be (t/(-6))/((-6)/40). Let h = l + -6. What is the units digit of h?
4
Let m = 363 + -254. What is the hundreds digit of m?
1
Let k(a) = -a**3 - 8*a**2 - 7*a + 6. Let p be k(-7). What is the units digit of (-14)/(-12) - 1/p?
1
Let g = -5 - -8. Suppose 219 = -g*r - 45. What is the units digit of 10/(-35) + r/(-14)?
6
Suppose -5*o = -7*o + 24. Suppose o - 33 = -3*l. What is the units digit of l?
7
Let w = -17 + 5. What is the tens digit of ((-48)/(-9))/((-2)/w)?
3
Let a be (-1 - -2)*2 - 17. Let m = a + 40. Let i = m + -18. What is the units digit of i?
7
Suppose 0 = c - 3. Suppose 0 = z + c*z - 8. Suppose 0 = 4*g, 0*g = z*m - g - 4. What is the units digit of m?
2
What is the tens digit of (4/(-8))/(3/(-60))?
1
Let j(m) = -m**3 - 11*m**2 + 9*m + 18. What is the tens digit of j(-12)?
5
Suppose 5*m - 2*c - 116 = 0, -4*c - 49 = 4*m - 153. Suppose 5*f - f = m. What is the units digit of f?
6
Let b = 1 - 0. What is the units digit of b*(-16)/(-2)*1?
8
Let w = 12 - 11. Suppose 3*p = 4*p - w. What is the units digit of p?
1
Let l(w) = -5*w**3 - w**2 - w - 1. What is the units digit of l(-1)?
4
Let x be 4/10 - 6/15. Suppose o + o - 6 = x. What is the units digit of (9/(-6))/(o/(-10))?
5
Suppose 5*b - 7 = -27. Let p be b/(-3) - 1/3. Let y(h) = 2*h + 1. What is the units digit of y(p)?
3
Suppose 0 = -5*g + g + 8. Let z be (0/(-1))/g + 4. Suppose 2*o - z*h = -2*h + 6, 3*o - 4*h - 10 = 0. What is the units digit of o?
2
What is the tens digit of (-6)/(-4)*(-196)/(-21)?
1
Let b = 3 + -2. Let l(n) = -3*n**3 + 9*n**2 - 2. Let k(r) = 2*r**3 - 5*r**2 + 1. Let c(x) = 5*k(x) + 3*l(x). What is the units digit of c(b)?
2
Suppose 2*h + 4 = 4*h, -4*h + 40 = -4*t. Let y(m) = m**3 + 10*m**2 + 13*m + 8. What is the tens digit of y(t)?
3
What is the tens digit of (-2090)/(-14) - (-28)/(-98)?
4
Let h(x) = -x**3 - 6*x**2 + 6*x - 1. Let p = -10 - -1. Let t = p + 2. What is the units digit of h(t)?
6
Suppose 5*i - 7*i + 84 = 0. Suppose z + 3*d = 42, d = -z + 2*d + i. What is the units digit of z?
2
Let c be (2/(-4))/(1/22). Let n = -8 - c. Suppose -n*x = -6*x + 15. What is the units digit of x?
5
Let y be (9/(-2))/9*-6. Suppose -n - m = -48, 4*m - 44 + 195 = y*n. What is the tens digit of n?
4
Let j(k) = k**3 + 7*k**2 + 6*k + 5. Let m be j(-5). Let f be (-215)/m + (-6)/(-10). Let v = f + 13. What is the units digit of v?
5
Suppose 10*u = 5*u + 5. What is the units digit of u?
1
Let o(q) = 3*q**2 - 11*q + 6. Let y be o(5). Suppose 8 = 2*t - y. What is the units digit of t?
7
Let f = 3 + -4. What is the units digit of f - -3 - 5*-3?
7
Let n(x) = -3*x**3 - 2*x**2 - 3*x + 1. What is the units digit of n(-2)?
3
Let t(v) = 7*v**3 + v**2 + 1 + 11 + v - 8*v**3. Let p be t(0). Suppose -3*o - 4 = 2*u - 20, -p = -4*u - o. What is the units digit of u?
2
Suppose -3*o - f = -15, -o + 2*f - 2 = -0*f. Suppose 1 = 5*a - o. Let d(t) = 7*t**2 + 2*t - 1. What is the units digit of d(a)?
8
Suppose i + 5 = 2*n, 5*i + 0*i = -3*n + 14. Suppose 0 = n*v + 2*v - 50. What is the units digit of v?
0
Let c(f) = -f**2 - 5*f + 6. Let r be c(-8). Let u = 29 + r. What is the units digit of u?
1
Let q = 8 + 5. Suppose 3*s = 14 + q. What is the units digit of s?
9
Suppose 145 = -3*n + 8*n. Let u(l) = -l + 9. Let h be u(-12). Let x = n - h. What is the units digit of x?
8
Let c(l) = 2*l - 4*l - 2 + l. What is the units digit of c(-6)?
4
Let p(y) = -y**3 - 6*y**2 - 4*y + 3. Let a be p(-5). Let n = a - 9. What is the tens digit of (n - 1)/(6 - 7)?
1
Let j = 2 - -19. What is the tens digit of j?
2
Let p = -4 + 7. Suppose -p*t + 6*y + 32 = y, 3*t + y = 8. What is the units digit of t?
4
Suppose -6*y + 5*y + 270 = 0. What is the units digit of y?
0
Suppose 3*i = 3 + 3. What is the units digit of (14/(-4))/((-1)/i)?
7
Suppose 4*q - s = -36, -4*q = -2*q + 4*s + 36. Let z = 1 - q. Suppose -2*a = 1 - z. What is the units digit of a?
5
Let c = 173 - 101. What is the units digit of c?
2
Suppose -3*n = -4*n + 9. What is the units digit of n?
9
What is the units digit of 7 + -1 - (-4 + 1)?
9
What is the units digit of 2/(4 + (-130)/33)?
3
Suppose -4*n + 264 = -0*n. Let a be (n/(-4))/((-8)/(-16)). What is the tens digit of a/(-2) + (-1)/(-2)?
1
What is the tens digit of ((-2)/(-8)*-9)/((-16)/1408)?
9
Suppose -109 + 465 = 4*d. What is the tens digit of d?
8
Let b = 3 + 1. Let r = b - -9. What is the tens digit of r?
1
Let o = 18 - 13. Suppose o*r = -3*l